{"id":72,"date":"2026-01-07T19:16:23","date_gmt":"2026-01-07T19:16:23","guid":{"rendered":"http:\/\/www.alexandrapouplard.com\/?page_id=72"},"modified":"2026-03-24T10:46:57","modified_gmt":"2026-03-24T10:46:57","slug":"auxiliaire-de-vie-a-domicile","status":"publish","type":"page","link":"https:\/\/www.alexandrapouplard.com\/index.php\/auxiliaire-de-vie-a-domicile\/","title":{"rendered":"Auxiliaire de vie"},"content":{"rendered":"\n<h2 class=\"wp-block-heading has-text-align-center\"><strong><em>Un accompagnement humain, respectueux et bienveillant \u00e0 domicile<\/em><\/strong> <\/h2>\n\n\n\n<p class=\"has-text-align-left\">Depuis plus de 20 ans, j\u2019accompagne des personnes en situation de handicap et des personnes en perte d\u2019autonomie dans leur quotidien.<\/p>\n\n\n\n<blockquote class=\"wp-block-quote is-layout-flow wp-block-quote-is-layout-flow\">\n<p>Mon objectif est d\u2019apporter confort, s\u00e9curit\u00e9 et s\u00e9r\u00e9nit\u00e9, tout en respectant la dignit\u00e9 et les besoins de la personne.<\/p>\n<\/blockquote>\n\n\n<div class=\"wp-block-image\">\n<figure class=\"aligncenter size-large is-resized\"><img loading=\"lazy\" decoding=\"async\" width=\"1024\" height=\"683\" src=\"http:\/\/www.alexandrapouplard.com\/wp-content\/uploads\/2026\/01\/Design-sans-titre-1024x683.jpg\" alt=\"\" class=\"wp-image-77\" style=\"aspect-ratio:1.4992793575987737;width:583px;height:auto\" srcset=\"https:\/\/www.alexandrapouplard.com\/wp-content\/uploads\/2026\/01\/Design-sans-titre-1024x683.jpg 1024w, https:\/\/www.alexandrapouplard.com\/wp-content\/uploads\/2026\/01\/Design-sans-titre-300x200.jpg 300w, https:\/\/www.alexandrapouplard.com\/wp-content\/uploads\/2026\/01\/Design-sans-titre-768x512.jpg 768w, https:\/\/www.alexandrapouplard.com\/wp-content\/uploads\/2026\/01\/Design-sans-titre-1536x1024.jpg 1536w, https:\/\/www.alexandrapouplard.com\/wp-content\/uploads\/2026\/01\/Design-sans-titre.jpg 1920w\" sizes=\"auto, (max-width: 1024px) 100vw, 1024px\" \/><\/figure>\n<\/div>\n\n\n<h2 class=\"wp-block-heading\">Formations et Exp\u00e9riences<\/h2>\n\n\n\n<p>Mon chemin professionnel d\u00e9bute 1998 en tant qu\u2019<strong>auxiliaire de vie (BEPA Service aux personnes)<\/strong>, aupr\u00e8s d\u2019adultes&nbsp;<em>infirmes moteurs c\u00e9r\u00e9braux<\/em>.<\/p>\n\n\n\n<p>Cette premi\u00e8re exp\u00e9rience fondatrice m\u2019a profond\u00e9ment marqu\u00e9e et a pos\u00e9 les bases de mon approche : <strong>pr\u00e9sence, respect, \u00e9coute et adaptation \u00e0 la personne<\/strong>.<\/p>\n\n\n\n<p>Dipl\u00f4m\u00e9e&nbsp;<strong>Monitrice \u00c9ducatrice en 2025<\/strong>, j\u2019ai ensuite travaill\u00e9 de nombreuses ann\u00e9es au sein de&nbsp;<strong>structures m\u00e9dico-sociales<\/strong>&nbsp;:<\/p>\n\n\n\n<p><em>IME, foyers d\u2019h\u00e9bergement, foyers de vie, accueil de jour, SAVS.<\/em><\/p>\n\n\n\n<p>J\u2019y ai accompagn\u00e9&nbsp;<strong>enfants, adolescents et adultes<\/strong>&nbsp;en situation de handicap mental ou de difficult\u00e9s sociales, d\u00e9veloppant une solide&nbsp;<strong>capacit\u00e9 d\u2019adaptation<\/strong>, une grande&nbsp;<strong>qualit\u00e9 relationnelle<\/strong>&nbsp;et un r\u00e9el&nbsp;<strong>sens de l\u2019observation<\/strong>.<\/p>\n\n\n\n<h5 class=\"wp-block-heading\">Aujourd&rsquo;hui, je propose un <strong>accompagnement \u00e0 domicile<\/strong> bas\u00e9 sur la pr\u00e9sence, l\u2019\u00e9coute, le respect du rythme de chacun et la pr\u00e9servation de l\u2019autonomie.<\/h5>\n\n\n\n<h2 class=\"wp-block-heading\">Mes services<\/h2>\n\n\n\n<div class=\"wp-block-columns is-layout-flex wp-container-core-columns-is-layout-9d6595d7 wp-block-columns-is-layout-flex\">\n<div class=\"wp-block-column is-layout-flow wp-block-column-is-layout-flow\">\n<h3 class=\"wp-block-heading\">                Auxiliaire de vie \u00e0 domicile<\/h3>\n\n\n\n<p>J\u2019interviens au domicile des personnes pour les accompagner dans les gestes du quotidien et leur offrir une pr\u00e9sence rassurante et bienveillante.<\/p>\n\n\n\n<ul class=\"wp-block-list\">\n<li>Aide dans les gestes du quotidien<\/li>\n\n\n\n<li>Accompagnement \u00e0 la mobilit\u00e9<\/li>\n\n\n\n<li>Aide aux repas<\/li>\n\n\n\n<li>Organisation du quotidien<\/li>\n\n\n\n<li>Pr\u00e9sence, \u00e9coute et soutien moral<\/li>\n\n\n\n<li>Accompagnement aux rendez-vous ou aux sorties<\/li>\n<\/ul>\n<\/div>\n<\/div>\n\n\n\n<h2 class=\"wp-block-heading\">Massage bien-\u00eatre (en option)<\/h2>\n\n\n\n<div class=\"wp-block-columns is-layout-flex wp-container-core-columns-is-layout-9d6595d7 wp-block-columns-is-layout-flex\">\n<div class=\"wp-block-column is-layout-flow wp-block-column-is-layout-flow\">\n<p>Dans le cadre de l\u2019accompagnement \u00e0 domicile, je peux \u00e9galement proposer, si la personne le souhaite, des temps de massage bien-\u00eatre.<\/p>\n<\/div>\n\n\n\n<div class=\"wp-block-column is-vertically-aligned-bottom is-layout-flow wp-block-column-is-layout-flow\">\n<ul class=\"wp-block-list\">\n<li>Favoriser la d\u00e9tente et le rel\u00e2chement<\/li>\n\n\n\n<li>Apaiser les tensions corporelles<\/li>\n\n\n\n<li>Offrir un temps de calme et de pr\u00e9sence<\/li>\n<\/ul>\n<\/div>\n<\/div>\n\n\n\n<blockquote class=\"wp-block-quote is-layout-flow wp-block-quote-is-layout-flow\">\n<p class=\"has-text-align-center\"><em>Les massages propos\u00e9s sont exclusivement \u00e0 vis\u00e9e de bien-\u00eatre et ne pr\u00e9sentent aucun caract\u00e8re th\u00e9rapeutique ou m\u00e9dical.<\/em><\/p>\n<\/blockquote>\n\n\n\n<hr class=\"wp-block-separator has-alpha-channel-opacity\"\/>\n\n\n\n<h2 class=\"wp-block-heading has-text-align-left\">                       Mon approche<\/h2>\n\n\n\n<div class=\"wp-block-columns is-layout-flex wp-container-core-columns-is-layout-9d6595d7 wp-block-columns-is-layout-flex\">\n<div class=\"wp-block-column is-vertically-aligned-center is-layout-flow wp-block-column-is-layout-flow\">\n<ul class=\"wp-block-list\">\n<li>Approche individualis\u00e9e et respectueuse<\/li>\n\n\n\n<li>\u00c9coute active et bienveillance<\/li>\n\n\n\n<li>Respect de l\u2019intimit\u00e9 et de la dignit\u00e9<\/li>\n\n\n\n<li>Adaptation aux capacit\u00e9s physiques et \u00e9motionnelles<\/li>\n\n\n\n<li>Collaboration avec les proches et les aidants<\/li>\n<\/ul>\n<\/div>\n<\/div>\n\n\n\n<hr class=\"wp-block-separator has-alpha-channel-opacity\"\/>\n\n\n\n<div class=\"wp-block-columns is-layout-flex wp-container-core-columns-is-layout-9d6595d7 wp-block-columns-is-layout-flex\">\n<div class=\"wp-block-column is-layout-flow wp-block-column-is-layout-flow\">\n<h2 class=\"wp-block-heading\">    Pour qui ?<\/h2>\n\n\n\n<ul class=\"wp-block-list\">\n<li>Aidants familiaux ayant besoin de relais ou de soutien<\/li>\n\n\n\n<li>Personnes en situation de handicap<\/li>\n\n\n\n<li>Personnes \u00e2g\u00e9es<\/li>\n\n\n\n<li>Personnes en perte d\u2019autonomie temporaire ou durable<\/li>\n<\/ul>\n<\/div>\n\n\n\n<div class=\"wp-block-column is-layout-flow wp-block-column-is-layout-flow\">\n<h2 class=\"wp-block-heading\">           Zone d\u2019intervention<\/h2>\n\n\n\n<p>Secteur de Ploufragan et 20 km aux alentours<\/p>\n\n\n\n<p>Lundi, mardi, jeudi et vendredi<br>De 9h00 \u00e0 17h00<\/p>\n<\/div>\n<\/div>\n\n\n\n<hr class=\"wp-block-separator has-alpha-channel-opacity\"\/>\n\n\n\n<h2 class=\"wp-block-heading\">Tarifs <\/h2>\n\n\n\n<p>   20\u20ac\/h en CESU (50% de Cr\u00e9dits d&rsquo;Imp\u00f4ts)<\/p>\n\n\n\n<div class=\"wp-block-columns is-layout-flex wp-container-core-columns-is-layout-9d6595d7 wp-block-columns-is-layout-flex\">\n<div class=\"wp-block-column is-layout-flow wp-block-column-is-layout-flow\">\n<blockquote class=\"wp-block-quote is-layout-flow wp-block-quote-is-layout-flow\">\n<p>N\u2019h\u00e9sitez pas \u00e0 me contacter pour \u00e9changer sur vos besoins ou ceux de votre proche.<br>Un premier \u00e9change permet de d\u00e9finir ensemble un accompagnement adapt\u00e9 et en toute confiance.<\/p>\n<\/blockquote>\n<\/div>\n<\/div>\n\n\n\n<h5 class=\"wp-block-heading\">Chaque accompagnement est personnalis\u00e9, dans le respect de la personne, de son intimit\u00e9 et de ses besoins, afin de favoriser le bien-\u00eatre et la qualit\u00e9 de vie au quotidien.<\/h5>\n","protected":false},"excerpt":{"rendered":"<p>Un accompagnement humain, respectueux et bienveillant \u00e0 domicile Depuis plus de 20 ans, j\u2019accompagne des personnes en situation de handicap et des personnes en perte d\u2019autonomie dans leur quotidien. Mon objectif est d\u2019apporter confort, s\u00e9curit\u00e9 et s\u00e9r\u00e9nit\u00e9, tout en respectant la dignit\u00e9 et les besoins de la personne. Formations et Exp\u00e9riences Mon chemin professionnel d\u00e9bute&#8230;<\/p>\n","protected":false},"author":1,"featured_media":0,"parent":0,"menu_order":0,"comment_status":"closed","ping_status":"closed","template":"","meta":{"_kadence_starter_templates_imported_post":false,"_kad_post_transparent":"","_kad_post_title":"","_kad_post_layout":"","_kad_post_sidebar_id":"","_kad_post_content_style":"","_kad_post_vertical_padding":"","_kad_post_feature":"","_kad_post_feature_position":"","_kad_post_header":false,"_kad_post_footer":false,"_kad_post_classname":"","footnotes":""},"class_list":["post-72","page","type-page","status-publish","hentry"],"_links":{"self":[{"href":"https:\/\/www.alexandrapouplard.com\/index.php\/wp-json\/wp\/v2\/pages\/72","targetHints":{"allow":["GET"]}}],"collection":[{"href":"https:\/\/www.alexandrapouplard.com\/index.php\/wp-json\/wp\/v2\/pages"}],"about":[{"href":"https:\/\/www.alexandrapouplard.com\/index.php\/wp-json\/wp\/v2\/types\/page"}],"author":[{"embeddable":true,"href":"https:\/\/www.alexandrapouplard.com\/index.php\/wp-json\/wp\/v2\/users\/1"}],"replies":[{"embeddable":true,"href":"https:\/\/www.alexandrapouplard.com\/index.php\/wp-json\/wp\/v2\/comments?post=72"}],"version-history":[{"count":11,"href":"https:\/\/www.alexandrapouplard.com\/index.php\/wp-json\/wp\/v2\/pages\/72\/revisions"}],"predecessor-version":[{"id":236,"href":"https:\/\/www.alexandrapouplard.com\/index.php\/wp-json\/wp\/v2\/pages\/72\/revisions\/236"}],"wp:attachment":[{"href":"https:\/\/www.alexandrapouplard.com\/index.php\/wp-json\/wp\/v2\/media?parent=72"}],"curies":[{"name":"wp","href":"https:\/\/api.w.org\/{rel}","templated":true}]}}