{"id":22,"date":"2026-01-06T21:02:06","date_gmt":"2026-01-06T21:02:06","guid":{"rendered":"http:\/\/www.alexandrapouplard.com\/?page_id=22"},"modified":"2026-03-24T12:30:48","modified_gmt":"2026-03-24T12:30:48","slug":"accueil","status":"publish","type":"page","link":"https:\/\/www.alexandrapouplard.com\/","title":{"rendered":"Accueil"},"content":{"rendered":"\n<h2 class=\"wp-block-heading has-text-align-center\">Alexandra POUPLARD<\/h2>\n\n\n\n<div class=\"wp-block-columns is-layout-flex wp-container-core-columns-is-layout-9d6595d7 wp-block-columns-is-layout-flex\">\n<div class=\"wp-block-column is-vertically-aligned-center is-layout-flow wp-block-column-is-layout-flow\" style=\"flex-basis:33.33%\">\n<figure class=\"wp-block-image size-large\"><img loading=\"lazy\" decoding=\"async\" width=\"683\" height=\"1024\" src=\"https:\/\/www.alexandrapouplard.com\/wp-content\/uploads\/2026\/03\/Captation-Alex-Massage-INTRODUCTIF-Mars-2026-5-683x1024.jpg\" alt=\"\" class=\"wp-image-241\" srcset=\"https:\/\/www.alexandrapouplard.com\/wp-content\/uploads\/2026\/03\/Captation-Alex-Massage-INTRODUCTIF-Mars-2026-5-683x1024.jpg 683w, https:\/\/www.alexandrapouplard.com\/wp-content\/uploads\/2026\/03\/Captation-Alex-Massage-INTRODUCTIF-Mars-2026-5-200x300.jpg 200w, https:\/\/www.alexandrapouplard.com\/wp-content\/uploads\/2026\/03\/Captation-Alex-Massage-INTRODUCTIF-Mars-2026-5-768x1152.jpg 768w, https:\/\/www.alexandrapouplard.com\/wp-content\/uploads\/2026\/03\/Captation-Alex-Massage-INTRODUCTIF-Mars-2026-5-1024x1536.jpg 1024w, https:\/\/www.alexandrapouplard.com\/wp-content\/uploads\/2026\/03\/Captation-Alex-Massage-INTRODUCTIF-Mars-2026-5-1365x2048.jpg 1365w, https:\/\/www.alexandrapouplard.com\/wp-content\/uploads\/2026\/03\/Captation-Alex-Massage-INTRODUCTIF-Mars-2026-5-scaled.jpg 1707w\" sizes=\"auto, (max-width: 683px) 100vw, 683px\" \/><\/figure>\n<\/div>\n\n\n\n<div class=\"wp-block-column is-layout-flow wp-block-column-is-layout-flow\" style=\"flex-basis:66.66%\">\n<h2 class=\"wp-block-heading\"><strong>Massage bien-\u00eatre &amp; Auxiliaire de vie \u00e0 domicile <\/strong><\/h2>\n\n\n\n<p><strong>Un accompagnement humain, respectueux et bienveillant<\/strong><\/p>\n\n\n\n<p>Monitrice \u00e9ducatrice depuis plus de 20 ans, j\u2019accompagne des personnes en situation de handicap, des personnes \u00e2g\u00e9es ou en perte d\u2019autonomie dans leur quotidien. Mon approche est centr\u00e9e sur l\u2019\u00e9coute, le respect du rythme de chacun et une pr\u00e9sence attentive, s\u00e9curisante et bienveillante.<\/p>\n\n\n\n<p>Je propose :<\/p>\n\n\n\n<p>Des&nbsp;<strong>massages bien-\u00eatre<\/strong>, con\u00e7us comme des temps de d\u00e9tente, d\u2019apaisement et de reconnexion&nbsp;<em>(en auto-entreprise : Le Souffle des mains 22)<\/em><\/p>\n\n\n\n<p>Un&nbsp;<strong>accompagnement \u00e0 domicile<\/strong>, adapt\u00e9 aux besoins de chaque personne&nbsp;<em>(sous forme de CESU \u2013 salariat)<\/em><\/p>\n<\/div>\n<\/div>\n\n\n\n<hr class=\"wp-block-separator has-alpha-channel-opacity\"\/>\n\n\n\n<blockquote class=\"wp-block-quote is-layout-flow wp-block-quote-is-layout-flow\">\n<h4 class=\"wp-block-heading has-text-align-center\">Massages bien-\u00eatre ou accompagnement \u00e0 domicile, chaque pr\u00e9sence est unique et personnalis\u00e9e, dans le respect du rythme, de l\u2019intimit\u00e9 et des besoins de chacun, pour apporter d\u00e9tente, r\u00e9confort et mieux-\u00eatre au quotidien.<\/h4>\n<\/blockquote>\n\n\n\n<p><\/p>\n","protected":false},"excerpt":{"rendered":"<p>Alexandra POUPLARD Massage bien-\u00eatre &amp; Auxiliaire de vie \u00e0 domicile Un accompagnement humain, respectueux et bienveillant Monitrice \u00e9ducatrice depuis plus de 20 ans, j\u2019accompagne des personnes en situation de handicap, des personnes \u00e2g\u00e9es ou en perte d\u2019autonomie dans leur quotidien. Mon approche est centr\u00e9e sur l\u2019\u00e9coute, le respect du rythme de chacun et une pr\u00e9sence&#8230;<\/p>\n","protected":false},"author":1,"featured_media":0,"parent":0,"menu_order":0,"comment_status":"closed","ping_status":"closed","template":"","meta":{"_kadence_starter_templates_imported_post":false,"_kad_post_transparent":"","_kad_post_title":"","_kad_post_layout":"default","_kad_post_sidebar_id":"","_kad_post_content_style":"unboxed","_kad_post_vertical_padding":"","_kad_post_feature":"","_kad_post_feature_position":"","_kad_post_header":false,"_kad_post_footer":false,"_kad_post_classname":"","footnotes":""},"class_list":["post-22","page","type-page","status-publish","hentry"],"_links":{"self":[{"href":"https:\/\/www.alexandrapouplard.com\/index.php\/wp-json\/wp\/v2\/pages\/22","targetHints":{"allow":["GET"]}}],"collection":[{"href":"https:\/\/www.alexandrapouplard.com\/index.php\/wp-json\/wp\/v2\/pages"}],"about":[{"href":"https:\/\/www.alexandrapouplard.com\/index.php\/wp-json\/wp\/v2\/types\/page"}],"author":[{"embeddable":true,"href":"https:\/\/www.alexandrapouplard.com\/index.php\/wp-json\/wp\/v2\/users\/1"}],"replies":[{"embeddable":true,"href":"https:\/\/www.alexandrapouplard.com\/index.php\/wp-json\/wp\/v2\/comments?post=22"}],"version-history":[{"count":14,"href":"https:\/\/www.alexandrapouplard.com\/index.php\/wp-json\/wp\/v2\/pages\/22\/revisions"}],"predecessor-version":[{"id":242,"href":"https:\/\/www.alexandrapouplard.com\/index.php\/wp-json\/wp\/v2\/pages\/22\/revisions\/242"}],"wp:attachment":[{"href":"https:\/\/www.alexandrapouplard.com\/index.php\/wp-json\/wp\/v2\/media?parent=22"}],"curies":[{"name":"wp","href":"https:\/\/api.w.org\/{rel}","templated":true}]}}